 96 - (71 + (31 - 60))?
54
What is the value of (-25 + 107 - 45) + -6?
31
Calculate -14 + 60 + -22 + 2 + -76.
-50
What is the value of -132 + 258 + -5 + -31?
90
What is the value of 12 - (-66 + 93 + (3 - 4 - -8))?
-22
2 + 5 - (-147 + 127 - -47)
-20
2 + 4 + (4 - 1 - (73 + -23))
-41
8 + -17 + 59 + (2 - 2) + 6 + -5
51
Calculate -483 + 584 + (-52 - -3).
52
What is (-172 - -170) + (82 + -14 - (-5 - 1))?
72
Evaluate 36 + (-5 - (6 - (21 + -15))).
31
Evaluate 0 - ((-10 - -5) + -6 + -9 + -1).
21
What is -1 - -49 - (47 + -108 + 77)?
32
Evaluate 13 - ((66 + -6 + -55 - (5 + 0)) + -7).
20
What is the value of 106 + -50 + -57 - (72 + 3)?
-76
Evaluate 2 + 22 + 38 + -64 + 15.
13
Evaluate -18 - 4 - (-2 - 2) - (-35 + -9 - -35).
-9
Evaluate (-142 - (-43 - 54)) + 2 + -3 + -10.
-56
Calculate 32 - 61 - 39 - -34.
-34
What is -71 - (82 - 271 - -115)?
3
Calculate 6 + 18 + (-27 - -7) - 35.
-31
What is the value of 9 - 15 - (-29 + 30 + 4)?
-11
Evaluate (-152 + 130 - -118) + -32.
64
What is -10 - (-10 + (-1 + 5 - (-2 + 0 + 46)))?
40
1 + 13 - (-69 - -82) - -5
6
(2 - (-46 + -3)) + (17 - (17 - (-7 - 0)))
44
Calculate 23 + (-12 - (1 + -10 - -12)) + 1.
9
Calculate (153 + -142 - (-1 + 17)) + (-4 - 0 - 0).
-9
Evaluate 43 + -57 + (11 - 0) - -5 - -47.
49
-32 + (-6 - -16) + -3 + -9
-34
Evaluate 39 + (3 - (10 + -8 - -2)) + 8 + -5.
41
Calculate 7 + (-65 - -6) + (-10 - -8) + 8.
-46
What is -102 - (-6 + -10 + -13) - -9?
-64
Evaluate (312 - 244) + (-8 - 51).
9
(33 + 46 - 68) + -15
-4
Evaluate -4 + -37 - -94 - 20.
33
What is the value of 0 - -16 - (7342 - 7305)?
-21
What is the value of 12 + 38 + (23 - 31) + 80?
122
125 + -4 + (-14 - -25) + -5 + -10 + -4
113
What is -11 + 17 + 31 + 7 + -16?
28
What is -111 + (131 - -2) + (0 - (0 + -110))?
132
Calculate (-27 - -11 - -14) + 14 + 44 - -2.
58
What is the value of -11 + (6 - 25) + 114 + (-4 - 11)?
69
What is 6 + -1 - 3 - (-13 + (45 - -1) - -3)?
-34
What is the value of 11 - (-9 + (171 - (25 + -15)) + 10) - -13?
-138
What is (50 - -3) + 8 - ((-3 - -2) + 26 + -37)?
73
276 + -224 + (-3 - -6) + -24
31
Evaluate (-63 - 11 - (-47 + 19)) + -3.
-49
What is the value of 13 + 1 - ((9 - 13) + (-53 - -29))?
42
Evaluate (10 + -15 - 7) + -24 + 4 + (10 - 3).
-25
Evaluate 26 + 69 + -102 - (0 + -1 + -42).
36
(133 - 190) + (-6 - -32) + 70
39
Calculate (-2 + -9 - (19 - 27 - -9)) + 5 + -17.
-24
What is the value of 130 + -168 + 42 - ((52 + -1 - 0) + 0)?
-47
Evaluate (-18 + 1 + (-8 - -10) - 14) + 15 - -78.
64
Calculate 2 + 68 + -19 + -20.
31
Calculate (63 - 11) + 118 + -98.
72
Calculate 126 + (-13 - -5 - (0 + -9) - 21) + 6.
112
-59 - (-46 - (4 + -25) - -2)
-36
What is (-15 - -52 - 50) + -20?
-33
(8 - (-1 + -9 + (0 - -6))) + (-6 - 33)
-27
Evaluate 54 + (-145 - -45) + 146.
100
-1 + 1 + 404 + -393 - 34
-23
Calculate (3 - 5 - -2) + (-2 - -1) + (13 - 43).
-31
What is -7 + -15 + 4 - (-49 - -50)?
-19
-186 - (115 - 291) - (-1 + -2 + 42)
-49
Calculate 37 - (-9 - (-12 - (-21 + 19))).
36
Evaluate 0 - (43 + -41 + -14 - (1 + -60)).
-47
-20 + 4 + (-29 - (-9 - (52 - 19)))
-3
-256 - -306 - (-12 + 75)
-13
(32 + 0 - (-25 - (17 + -51))) + 4
27
What is 1 + (-10 + 13 - 18) - 14?
-28
What is the value of 126 - ((17 - 9) + 0 + 9 + -9)?
118
-109 + 111 - (-2 + 19) - (3 + 24)
-42
What is the value of 101 + (-56 - -23) + -52?
16
140 + -62 + (26 - -15) + -6 + 25
138
Calculate 1188 - 1164 - (82 + -3).
-55
Calculate (-176 - -136) + (23 - 0).
-17
Evaluate 28 + 69 + -30 + -41 - -99.
125
What is the value of -2 + (0 + -25 - (0 + -5) - 10)?
-32
What is 22 - (33 + (-84 - 18) - 4)?
95
Evaluate (-23 - (-52 - 16)) + 6 - 11.
40
What is the value of 0 + 22 + (161 - 109 - (96 - 15))?
-7
Calculate -8 + 6 - (-32 + 7 + -11).
34
What is the value of -5 + 22 - (-533 + 525 - (0 - -56))?
81
What is the value of (-2 - 11) + (-1 - (3 + -9)) + (3 - 13)?
-18
Calculate (0 - (-3 + -5)) + -5 + -41 - (-165 + 164).
-37
Calculate (-1 + -15 - -6) + (-453 - -400).
-63
What is the value of 23 + -6 - (45 + 20) - -7?
-41
What is the value of 149 - 103 - (11 - -112)?
-77
What is the value of -27 + 30 + -4 + -25?
-26
What is the value of -8 - (-12 - (5 - 17 - (14 - 17))) - 88?
-93
What is -41 + 39 + 10 + -69?
-61
Calculate -5 + 1 + (-102 - 2) + (-119 - -154).
-73
Evaluate -41 - (-7 + 11 + 5 + -2).
-48
What is the value of (5 + 4 - (-3 + (7 - -6))) + 0 + 74?
73
16 + (-12 - (0 - -21)) - 38
-55
Calculate -54 + -112 + 193 + 13.
40
What is 5 - (-49 + 18 + 38) - 53?
-55
85 + (-51 + 38 - 8) - -30
94
What is -95 + (298 - (-69 - -152))?
120
Calculate (7 - (-24 + 31)) + -67 + -3 + 5.
-65
Evaluate (-54 - (-22 - -80)) + (12 - 7).
-107
What is the value of -52 + 25 + (41 - 23) + -20?
-29
What is 0 - 41 - (-8 - -6 - -25 - 13)?
-51
-5 + (-3 - (-4 + 1)) + -2 - (2590 - 2672)
75
What is the value of 65 + (-138 + 52 - -39)?
18
What is the value of -4 - (-23 - (2 + 17) - -5)?
33
Calculate 12 + -9 + (-33 + 18 - -2) + -18.
-28
Calculate 10 - (-24 + -6 - (42 - -6)).
88
What is the value of (-24 - (-19 + 9 + 10)) + -3?
-27
Evaluate -13 - (-24 - (-25 - 32)) - -11.
-35
What is the value of -25 + (1 + -11 - -43) - (-47 + -2)?
57
Calculate (0 - -12 - (-563 - -522)) + -40.
13
Calculate -89 - (-59 + -11) - (1 - 33).
13
3 + 18 - (57 + -47) - -4
15
What is the value of -663 + 548 - (-23 - 196)?
104
Calculate -25 + (-32 - -6) + (5 - -9).
-37
What is (-1 - 89) + (9 - (13 + -31 + 4 - -15))?
-82
-97 - -33 - (-38 - (1 - 7))
-32
Calculate -16 + -6 + 11 + (42 - (42 + -16)) + 31.
36
What is the value of -1608 - -1639 - (0 - -63)?
-32
What is (9 - (111 - -12 - 15)) + (6 - (10 - -9))?
-112
Calculate (36 - 67) + (-2 - 8) + (-1 - -2).
-40
Evaluate 5 + (71 - 47 - 71).
-42
What is 158 + (12 - 22) + -65?
83
(8 + -10 + -26 - 23) + 7
-44
What is 8 - -1 - 2 - (-241 - (-244 + -20))?
-16
-13 - ((-54 + 29 + (2 - -11) - -99) + -10)
-90
What is the value of 128 + -1 + (106 - 200)?
33
Evaluate 25 + -4 + (-4 - 19) + -22.
-24
Evaluate 30 + -43 + 4 - (23 - -12).
-44
What is the value of 9 + 2 + -6 + -1 + 4 - (-3 + -40)?
51
Evaluate (64 - 22 - 41) + -56.
-55
What is -1 + 133 - (4320 + -4325 - (0 - 11))?
126
Evaluate (58 - 39 - (-36 - -1)) + -16 + 3.
41
What is the value of -104 + (153 + -44 - 21)?
-16
What is the value of (238 - 195) + (31 - 2) + (0 + -2 - -16)?
86
-165 - -149 - (0 - 12) - (-1 + -73)
70
What is the value of 3 + 30 + (13 - -10) + -1 + 1?
56
Calculate (-2 + 5 - 2) + (-20 - -9) + 6 + -26.
-30
What is (8 - (-7 - (-14 - 2))) + (6 - 9) + 14?
10
Calculate 24 - (34 + 10 + -2) - 82.
-100
What is the value of -47 + 95 + (-4 - (-5 + 4))?
45
1 + 1 + 1 + -11 + -194 + 48 + 153
-1
What is 60 - (39 - (-55 - -79))?
45
What is -9 + 1 + -10 + (68 - 3 - 21) - -1?
27
-14 - (-45 + 36 - 66)
61
2 - 4 - (12 + 1) - (-15 - -7)
-7
What is the value of -6 - -1 - ((8 - (44 - (-2 - 2))) + -2)?
37
What is the value of 30 + (-21 - -21) - 42?
-12
(9 - -3) + -8 + 5 + (-5 - -5)
9
Calculate 2 + -97 + 99 + (0 + 3 - 0).
7
Calculate -2 + 79 + -2 + 304 + -310.
69
What is -26 + ((46 - 29) + -14 - -1)?
-22
Evaluate -505 + 611 - (93 - -15).
-2
Calculate -35 + 4 - -53 - 61.
-39
1 + 0 + -9 + (68 - 16 - 16) + -3
25
Evaluate (3 + -3 + 37 - 28) + 129 + 4.
142
Calculate -4 + 68 + (606 - 663) - (43 + -2 + -2).
-32
Evaluate 17 + (-83 - 0 - -2 - (-589 + 597)).
-72
(311 - 218) + (-1 - 47)
45
Calculate 20 + -63 + (-70 - -86) + 18.
-9
Evaluate -27 + 209 + -71 - (6 + 27).
78
(4 - -2) + 29 + (83 - 100)
18
(23 - -14 - 107) + 183
113
What is the value of 2 + -14 - (-43 + 70 + -42 + 30)?
-27
What is the value of 5 - 18 - (600 - 568)?
-45
12 + -4 + -7 + (52 - (4 - 14)) + -13
50
Evaluate 17 - ((-4 - -5) + -13 + 89) - 21.
-81
Calculate -2 + 29 + -2 + 7029 + -7039 - -124.
139
What is the value of -14 + 19 + -9 - (28 + 30)?
-62
Evaluate 184 - 184 - (6 + 0).
-6
What is the value of 67 + 37 + -45 + -133?
-74
Calculate (-61 - -33 - (-4 - 2)) + 66 + -2.
42
What is the value of -61 - ((63 - 153) + -42)?
71
-5 + 0 + 0 + -4637 + 4662
20
What is -2 + 9 + (14 - (-31 + 66) - -55)?
41
Evaluate (-46 - -3) + 26 + 6 + -33.
-44
What is the value of (0 + 0 - 2) + 11 - 8 - (25 - 0)?
-24
What is the value of (-3 - (4 - 0)) + -90 - 12?
-109
(63 - 37) + 24 + 2 + 22
74
Calculate 23 + -62 + 16 + 1 - (0 + 12).
-34
9 - (-10 - (13 - -20)) - 21
31
20 + (-14 - (-52 - -34))
24
What is -18 - (16 + 1 - (235 - 239))?
-39
What is the value of 2698 + -2689 - (0